1 - (-26 - -10) - 1)?
19
Evaluate 153 + -188 - (4 + -38).
-1
20 + -44 + 31 - -16
23
Calculate -2 - ((3 + (-12 - 0) - 5) + -9).
21
Evaluate (32 - 43 - -18) + -17.
-10
What is 19 - 3 - ((-6 - -3) + 3)?
16
(0 + -10 - (-14 + (3 - -7))) + 7
1
What is the value of 483 - 454 - (-1 + 25)?
5
What is the value of -10 - (2 + (8 - 9) - (7 + -3))?
-7
Evaluate 43 + (16 + (0 - 2) - 33).
24
What is the value of -5 - -3 - (-5 - 7)?
10
(-5 - -29) + (-18 - -6)
12
What is -2 - (-2 + 15 + -10)?
-5
What is the value of (-6 - 15) + 27 - (-12 + 4)?
14
Evaluate 1 - -2 - (5 - -1) - (-62 + 78).
-19
What is the value of -43 + 61 - (3 - 0)?
15
Evaluate -21 + -8 + 61 - 3.
29
What is the value of 3 + 42 - (-2 + 39)?
8
Calculate 45 - (-105 + 107 + (14 - 2)).
31
Evaluate 76 + -67 + (1 - 13).
-3
What is the value of (-16 - -27) + (-2 - 1) + -6?
2
7 + -9 - (-7 - 5)
10
What is the value of 2 + -22 + 12 + (-34 - -5)?
-37
What is the value of 8 + -13 + 8 + -29 + -2?
-28
2 + (10 - (-1 - -27 - 7))
-7
(-3 - -4) + 11 + -2 + (319 - 355)
-26
What is the value of -14 - 3 - -20 - (0 + 9)?
-6
Evaluate (4 - 6 - 0) + -17 + (-3 - -11).
-11
What is (332 - 296) + (-3 - 55)?
-22
Calculate -10 + 9 + -7 + 6 + 2 + -8.
-8
What is the value of (4 + 9 + -15 - 6) + 10?
2
Evaluate 20 - (31 + -17 - 0).
6
What is -9 + -4 + 7 - 0?
-6
-2 + -14 - (10 - (28 - 8))
-6
Evaluate 3 + -1 + (6 - 0) + 3.
11
What is (-1 - (3 - -3)) + (15 - -9) + -16?
1
Calculate 8 - (-33 - (-22 - -1)).
20
Evaluate -2 + (231 - 225 - (14 + 0)).
-10
What is the value of -16 + (14 - (15 + -7 - 3 - -2))?
-9
Calculate 6 + (4 - -1) + 1 + 14 + -14.
12
What is the value of 29 - (16 + -8) - 5 - 9?
7
Evaluate (302 - 302) + -14 + (-3 - -3).
-14
Evaluate 18 - 25 - (7 + -3 + -1 - 30).
20
Calculate 2 + 2 + (-9 - (-23 - -11)).
7
What is the value of (-165 - -170) + (12 - (-1 + -1))?
19
What is the value of -3 + (5 - -20 - 11) - -6?
17
What is the value of 2 + (-1 + (-8 - 4) - (-3 - -1))?
-9
Calculate -5 - (-3 + 4 + -13) - -3.
10
What is -2 - 1 - (-27 + 0 + 25)?
-1
23 + -1 - (7 + (8 - -7 - 14))
14
Calculate -10 - ((4 - 14) + 12 + -10) - -13.
11
What is (927 - 895) + (0 - 9)?
23
What is -4 - -27 - (-7 + 12)?
18
Evaluate (-8 + 24 - 2) + -1 + -26.
-13
What is the value of 24 + -11 - 0 - (-14 - -35)?
-8
What is the value of -38 + 47 + (-6 - -1) - 32?
-28
What is (-1 + -19 - (-658 + 641)) + 39?
36
-15 + (-7 - (-19 - -1)) + 1 + 4
1
What is the value of (-1 - (2 + -7)) + -5 - 1?
-2
(1 - (-2 + 7 + -5 + 12)) + 7
-4
Evaluate (8 - ((22 - 12) + -10)) + -4 + 1.
5
Evaluate (-4 + -4 - -5) + (10 - 12) - -14.
9
Evaluate 16 - (-7 - (-45 - -21)).
-1
What is -12 + -4 + (-1 - (11 - -5) - -9)?
-24
Evaluate 14 - (-6 + (13 - 6) + 14).
-1
23 + -12 - (-14 - 2)
27
(3 - 19) + -11 + -18 + 21
-24
Calculate 8 + 9 - (-1 - -12).
6
Calculate (-6 + 35 - 21) + 3 + -3.
8
-1 + 9 + (2 + -5 - (-1 + 13))
-7
Calculate (22 + 1 - (-2 - 16)) + -16.
25
-13 + 5 - -4 - (1 - (0 + 0))
-5
What is the value of 2 + 6 + (-10 - -11) - 14?
-5
What is -16 + (4 - (-7 - -13) - -9) + -7?
-16
What is (6 - (-1 + 4)) + (34 - 15 - 15)?
7
Calculate 7 - (2 - -6) - -8.
7
Evaluate -9 + -4 - -29 - 5.
11
3 + -2 + -16 + 15 + -7
-7
What is the value of -22 - (-199 + 186 + 0 + 14)?
-23
What is 9 - 7 - 0 - -5?
7
Calculate 3 - (10 + (-1 - (1 - -1)) - 8).
4
Calculate (7 - (72 - 41)) + (-2 - -10).
-16
What is the value of (3 - 10) + -4 + -7 + 9?
-9
-6 + 2 + (27 - (23 - -11))
-11
What is 4 - (-8 + -6 + 18 + 0)?
0
What is 8 + (0 + -1 - 6 - 0)?
1
What is the value of -1 - (14 + (-5 - 2 - -5) - 5)?
-8
What is (2 + 6 + -5 - 7) + (10 - -1)?
7
What is 10 + (-18 - 10 - -10)?
-8
What is the value of -3 + 0 + 33 + -344 + 340?
26
What is 10 - (-17 + 18 - (2 + (1 - -3)))?
15
Evaluate (4 + -1 - (43 - 56)) + -7.
9
What is the value of -13 + 12 + 5 - (-17 - -3)?
18
What is 2 + -2 - 3 - (-49 + (-12 - -68))?
-10
Evaluate -28 + (6 - 2 - -13).
-11
Evaluate -1 + (0 - 6) + (46 - (114 + -86)).
11
Calculate (-2 - -9) + (-17 + -5 - -11 - -9).
5
Evaluate 1 - 7 - (-27 - -15 - 10) - 8.
8
What is the value of (-2 - (2 + -4 + 3)) + (-251 - -247)?
-7
Calculate 10 - 24 - -27 - (-21 - -4).
30
-12 - (-16 + 10) - (11 - 24)
7
Evaluate (29 - 3) + (-15 - 15 - -33).
29
Evaluate -4 + (-36 - (-23 + -5)).
-12
What is 12 + (-11 - (-3 + -6 - -4)) - 4?
2
What is (-203 - -209) + (-1 - -31)?
36
What is the value of 41 + -66 + 25 + -21?
-21
Calculate -4 + (-5 + 9 - (19 + -3)).
-16
What is (-17 - -7) + 4 - (-52 + 48)?
-2
What is the value of -15 + 9 + 0 + 2 - 3 - 22?
-29
-13 + 27 + -13 - 4 - -38
35
22 + -1 + -20 + 3 + (-12 - -25)
17
Calculate (2 + 0 - 5) + (4 - -17).
18
Evaluate -20 - (5 + 9 + 39 + -36).
-37
Evaluate (-1 - (-6 - (-5 + 3))) + -11 + -3.
-11
34 + 2 + -31 + -2 + (-22 - 1)
-20
What is the value of 1 + -11 - (-193 + 178)?
5
What is -10 + 22 + -10 + (-1 - 5 - -1)?
-3
Evaluate 12 + 11 + 4 + -31 - -30.
26
What is the value of 22 + 0 + -13 + 14?
23
-8 - ((3 - 6) + (-4 - (3 + -20)))
-18
(3 - 13 - -11) + -6
-5
What is the value of (1 + 4 - 14) + -11 + 9 + 1?
-10
What is the value of (3 - (6 + -2)) + -3 - 4 - -23?
15
What is -8 + (9 - (5 + -13 + 7))?
2
What is the value of 3 - (-9 - -4) - 11?
-3
Evaluate 1 + (4 - 2) + 7 + -14 - -16.
12
What is (-23 - 1) + 54 + -1?
29
Evaluate (6 - (1 + 1) - 8) + -4 + -7.
-15
Evaluate 1 - (9 + (-9 - -8)) - -8.
1
What is the value of -22 - (26 - (-12 - -65))?
5
Calculate 8 + (11 + 1 - 17) + 16 + 0.
19
(28 - (-13 + (0 - -30))) + 3 + 1
15
Calculate 1 - (4 - (1 + 5)) - (-9 - -18).
-6
Evaluate 4 + 9 + -12 - -13 - 18.
-4
What is 1 + -5 - ((5 - -17) + -23)?
-3
Evaluate 10 - (9 - (-2 - 14)).
-15
What is the value of (28 - (1 + -8)) + -9 - 7?
19
Calculate (16 - -2) + -39 + 16.
-5
What is (0 + -5 - -11 - 5) + -9?
-8
What is -17 - -10 - ((3 - (4 + 4)) + 2)?
-4
Evaluate -31 - (25 + -37 - -9).
-28
What is -3 + (-15 - -5) + (-2 - -3)?
-12
What is the value of -1 + -1 + -3 + 2 - (5 + 8)?
-16
Calculate (-5 + 0 - 7) + 15.
3
Evaluate (686 + -675 - (-10 + 1)) + -25.
-5
Evaluate 8 + -24 + 8 + (-6 - -2 - -14).
2
12 + -29 + 17 - (9 + 0)
-9
What is the value of -9 + -11 + -3 + 27?
4
-9 + 3 + 28 + -11 + 0 + -1
10
What is (3 - -36 - 11) + -14?
14
Evaluate 10 + (-7 - -5) - ((-9 - -31) + 0).
-14
What is (-15 + -26 - -38) + 24?
21
(-1 - 6 - (94 - 122)) + 18 + -8
31
(-23 - -8) + (16 - 17)
-16
Evaluate 1 + (-4 + 3 - ((0 - -1) + -13)).
12
-23 - ((-8 - 1) + -4)
-10
-20 + (-6 - (0 + -17 + 9 + -7))
-11
Evaluate -13 - 1 - (-31 - -18).
-1
Calculate 24 + 17 + -29 + -17.
-5
12 - (16 - (-3 + (18 - 12))) - 5
-6
What is the value of (-9 - 8) + 38 + -39?
-18
What is 1 + -4 + 5 + -12 + 32?
22
What is (-3 - 6) + (-15 - -18)?
-6
Calculate 3 + -2 - (-3 + 3).
1
What is the value of -10 + 4 + 9 + -13?
-10
Calculate 16 - (-8 + -6) - 51.
-21
What is the value of -48 + 27 + 3 - 2?
-20
What is the value of (-33 - (1 - 16)) + 15 + -3?
-6
Calculate 11 + (-9 - (1 - 9)).
10
What is the value of -1 + (31 - 14) + -25?
-9
What is the value of 14 + (6 - 14 - 2)?
4
Evaluate 4 + -1 - (10 + -10) - (2 + 1).
0
What is 3 + -6 + -6 + 5?
-4
What is 4 + (0 - 4) + (92 - 109)?
-17
What is the value of 3 + (9 - 19) - -6?
-1
Calculate (-14 - -37) + -14 + -13.
-4
Evaluate (-16 - 2) + 31 + 0 + -3 + -2.
8
Evaluate 3 + 2 - (6 - 3 - 11).
13
(-17 - (-10 - -4)) + -4 + 3 - 2
-14
What is -6 + 7 - (-2 + (-9 - (7 + -15)))?
4
Calculate 26 + (-22 + 18 - -14 - 11).
25
Calculate 25 - (-24 - (-19 - 13)).
17
(1 - 11) + -10 + (-4 - -11)
-13
29 + (0 - 2) + 9 + (-7 - 11)
18
Calculate -7 + -16 + 25 - 5.
-3
Evaluate 0 + 10 + -1 - (-6 - (-3 + 1)).
13
-67 + 53 - (-23 + (-7 - -10))
6
What is the value of 81 + -82 + (-18 - -1) - 4?
-22
What is -21 + 1 + -16 + 8 + 18?
-10
What is the value of (-5 - (-1 - (-3 - -18) - -3)) + -9?
-1
Calculate -18 + 11 + 12 + -3 + -2.
0
What is the value of 2 - (27 + -55 + 14)?
16
What is -14 + 0 + 31 + -11 - 5?
1
What is the value of -5 + 2 + 8 + 118 + -121?
2
What is 2 + 10 - (30 - 12)?
-6
What is the value of (79 - 82) + 4 + 2?
3
Calculate -3 + -11 + (9 - 12).
-17
What is (34 - 27) + (-15 - -3) + 0 + 9?
4
What is the value of 3 + 0 + -37 + (18 - -4) + -14?
-26
-6 + -16 + (5 - (12 - 11))
-18
What is the value of 3 + (4 + (-12 - 7) - (4 + 0))?
-16
(-10 - -13 - -1) + 16 + -22
-2
What is -30 - (13 + (-2 - 18))?
-23
What is (1 - 1) + 10 + 1638 + -1635?
13
What is the value of -49 + 45 - (-17 - (6 - 5))